 = 0. What are the prime factors of a?
2
Let b(g) = g**3 - 5*g**2 - 3*g. Let z = -11 - -17. What are the prime factors of b(z)?
2, 3
Suppose 4*r + 20 + 255 = a, 0 = 3*a + 2*r - 881. List the prime factors of a.
3, 97
Let a(l) = -11*l + 39. List the prime factors of a(-8).
127
Let h = 37 + -22. What are the prime factors of h?
3, 5
Let p(c) = -c**2 + 4*c - 3. Let x be p(2). Let j = x + -4. List the prime factors of 3 - (j - -2)*9.
2, 3
Suppose 0 = -2*k + 5*i + 16 + 40, 5*k - i - 117 = 0. Let t = -4 - k. List the prime factors of 2/(-4) + t/(-2).
13
Let o(d) = -d + 1. Let q(h) = 4*h + 1. Let k(n) = -6*o(n) - q(n). List the prime factors of k(8).
3
Let l(q) = -6*q**2 + 8*q - 2 + q**3 - 3*q + 6. Let f be l(5). What are the prime factors of (1 - -1) + 24/f?
2
Let p(l) be the third derivative of l**2 + 5/12*l**4 + 0 - 1/120*l**6 - 3/20*l**5 + 7/3*l**3 + 0*l. What are the prime factors of p(-10)?
2, 7
Let k(n) = 44*n**2 - 3*n + 2*n + 2 - 43*n**2. Let w be k(4). List the prime factors of 1 - (0/1 - w).
3, 5
Let m = -17 + 3. Suppose -5*p - 6 + 21 = 0. What are the prime factors of (m/p)/(14/(-63))?
3, 7
Suppose 4*h - 14 = 2. Suppose -h*z + 15 = -13. List the prime factors of z.
7
Suppose -s = -0*s. Suppose x = -2, s = 4*q - 0*x + 4*x. Suppose -7 = 4*u + 5*w, -3*w = -2*u + 11 + q. List the prime factors of u.
2
Suppose -4*f - 544 = -12*f. What are the prime factors of f?
2, 17
Suppose 3*w = -3*w + 522. What are the prime factors of w?
3, 29
Suppose q - 6 = -25. Let i be 2/4 + q/2. List the prime factors of -5*6/(i/3).
2, 5
Let w = -1 + -3. What are the prime factors of 1 - (-8)/w - -14?
13
Let n = 27 + -25. List the prime factors of n.
2
Let s(x) = 21*x - 6. Let l be s(5). Let z = l + -66. What are the prime factors of z?
3, 11
Let z(f) = 183*f**3 - 2*f**2 + 1. Let i be z(-1). List the prime factors of (-3)/9 + i/(-12).
3, 5
Let n be 9/1*11/3. Suppose -4*a + 3 + n = 0. What are the prime factors of a?
3
Let q(b) = -3*b - 1. Let y be q(-1). Suppose 4*w + 4 + 2 = y*t, 18 = -3*w - 3*t. Let m = w + 8. What are the prime factors of m?
5
Suppose 0 = -0*k + k - 3. Let g = k - -8. What are the prime factors of g?
11
Suppose -3*h + 5*y - 31 = 0, -h + 3*y - 8 - 9 = 0. Let q be h/(-8) + 190/8. Suppose -c = c - q. What are the prime factors of c?
2, 3
Let d = -23 + 34. Let c = d - 5. List the prime factors of (-1 + c)*(-24)/(-20).
2, 3
Suppose 2*p + 18 = -0*p. Let x(u) = -u**3 - 10*u**2 - 9*u + 6. What are the prime factors of x(p)?
2, 3
Let t be (-5)/(-2)*(2 - -18). Suppose -h + t = 3*h + 2*q, 1 = -h + 4*q. What are the prime factors of h?
11
Let z = 181 - 253. What are the prime factors of (21/(-28))/(2/z)?
3
Suppose 2*h - 44 = 4*t, 5*h - 6 = -5*t - 76. List the prime factors of 3/(t/(-8)) + 32.
2, 17
Suppose 7*r = 207 + 52. What are the prime factors of r?
37
Let g = -8 - -8. Let s = -3 - -6. Suppose 4*w - s*h - 68 = g, -4*h = 2*w - 0*w - 12. What are the prime factors of w?
2, 7
Let s(i) = 11*i**2 - 26*i - 13. Let n(q) = -4*q**2 + 9*q + 4. Let j(r) = 8*n(r) + 3*s(r). What are the prime factors of j(-5)?
2, 3
Let l = -19 - -30. Suppose 4 + l = w. Suppose 0 = h + 4*p - 7*p - 19, 5*p - w = -3*h. What are the prime factors of h?
2, 5
Let z = 73 + -61. What are the prime factors of z?
2, 3
Let w(t) = -4*t + 9. What are the prime factors of w(-13)?
61
Let s be (-18)/(-1 + -2) - -2. Let k be s/(-20) - (-136)/(-10). Let a = k - -25. What are the prime factors of a?
11
Let w(z) = -z**3 - 4*z**2 + 5*z - 7. List the prime factors of w(-6).
5, 7
Let l(n) = -n**3 - 3*n**2 + 5*n + 6. Let d be l(-4). Let h be 4/12*9*d. Let g = 21 - h. What are the prime factors of g?
3, 5
Let h = 38 - 33. What are the prime factors of h?
5
Let i = 8 + 13. What are the prime factors of i?
3, 7
Suppose -2*l + 10 = -0. Suppose 4*m - l*x = -0*m + 37, -3*m = x - 23. List the prime factors of m.
2
Suppose -13 = c - 4*i, 3*c = 7*c + 3*i - 24. Let g be 0*(c - (-2 + 4)). Suppose g = 3*b - 5*p + 2, -3*p + p + 26 = 3*b. List the prime factors of b.
2, 3
Suppose 4*l - 126 = -3*t, -5*t - 42 = -6*t - 3*l. List the prime factors of t.
2, 3, 7
Suppose -2*s + 1462 = 3*j, 0*s - s = -5*j + 2428. List the prime factors of 18/63 + j/14.
5, 7
Let i = 130 + -83. What are the prime factors of i?
47
Let l(d) = d**3 + 9*d**2 + 2. Let k be l(-7). Let m = 146 - k. What are the prime factors of m?
2, 23
Let l be 28 - (2 - 0/(-2)). Let c = l - 16. List the prime factors of c.
2, 5
Let k(r) = -r**2 - 4*r - 5. Let d be k(-9). Let n = d + 79. List the prime factors of n.
29
Let d = 241 - 168. List the prime factors of d.
73
List the prime factors of 64/(-40)*-5*5.
2, 5
Let q = 4 + -11. Let n = q + 25. List the prime factors of n.
2, 3
Let j = -100 - -157. List the prime factors of j.
3, 19
Suppose 0 = -y - 6 + 2, -3*s = 3*y - 819. List the prime factors of s.
277
Let r = 1 - 1. Suppose 5*b - 2 - 18 = r. Suppose 3*t = w + 13, -35 = -5*t - w - b*w. What are the prime factors of t?
5
Let i(r) = -r + 19. What are the prime factors of i(-9)?
2, 7
Let p = 65 - 46. List the prime factors of p.
19
Suppose 4*b - 6 = 3*b. Suppose -b = 4*z - 78. List the prime factors of z.
2, 3
Let o(b) = -b**2 - 8*b - 7. Let n be o(-6). Suppose -p - 89 = n*x - 21, p = -4*x - 55. Let s = -8 - x. List the prime factors of s.
5
Suppose 4*x - 231 = x. List the prime factors of 14/x + (-207)/(-11).
19
Suppose -m - 1 = 4*z, 20 = 4*m - 2*m - 3*z. Suppose m + 5 = 4*n. List the prime factors of n.
3
Let d be ((-2)/4 + 0)*0. Suppose d = -y - 3*y. List the prime factors of 2 + y + 12/2.
2
Let f(y) be the first derivative of -y**3/3 + y**2 + 2. Let m be f(2). Suppose 3*x - 3*w = 9, m*x - 5*w = x - 9. List the prime factors of x.
2
Let m(x) = x**3 + 10*x**2 + 10*x + 9. Let k be m(-9). Suppose -a + 3*i + 32 = 0, k = -a + 2*i + 21 + 13. What are the prime factors of a?
2, 19
Let z(o) = -4*o + 1. Let v be 5*(-1 - (-9)/5). Suppose -v*c + 1 = 9. What are the prime factors of z(c)?
3
Let h = -8 - -8. Suppose -4*w = -h*w - 28. What are the prime factors of w?
7
Suppose -f - 2*f + 2 = -z, 0 = -f - 1. Suppose 5*l - 4*a + 18 = 0, -4*l = 3*a - 6*a + 14. List the prime factors of z/l*(-1 - -3).
5
Let g(s) = -s**2 - 6*s - 2. Let t be g(-5). Suppose t*a + 0*a - l = 56, 3*a - 5*l = 52. List the prime factors of a.
19
Suppose 0 = 5*y + 9 + 6, 0 = -2*f - y + 31. Let p = f - 3. What are the prime factors of p?
2, 7
Let m = 1 + -7. Let q(w) = -w**2 - 6*w - 5. Let k be q(m). Let f = k - -11. What are the prime factors of f?
2, 3
Let c = 3 - 2. Let p(g) = g - 2*g + g**2 + 0*g**2 + 8*g**3 + c. List the prime factors of p(1).
3
Suppose v + 6 = 3*h, 3*h - h - 6 = 0. Suppose 4*b - 12 = -0*t - 4*t, -b + 5 = v*t. Suppose 1 = b*i - 15. List the prime factors of i.
2
Suppose -5*f + 3*i + 60 = 4*i, 0 = -2*i. Let l = f + 0. What are the prime factors of l?
2, 3
Let w(o) = 2*o**3 + 3*o**2 - 5*o - 2. Let v be w(-3). What are the prime factors of v/(-4)*(1 + 1)?
7
Let w(o) = 2*o**3 - 5*o**2 - 2*o - 4. Let y be 1 + 5 + (0 - 2). Let x be w(y). Suppose -4*q + x = 4*v, -2*v - 5*q = -v - 9. What are the prime factors of v?
3
Suppose w + 4*w - 5 = 0. Let h be 1/w*(39 - -2). Suppose -h = -4*c + 3. List the prime factors of c.
11
Let n = 23 - -7. List the prime factors of n.
2, 3, 5
Suppose -282 = -5*z - 2*y - 53, -43 = -z + y. Let g = z + -25. Suppose -3*b + 6*o = 2*o - g, -2*o + 44 = 3*b. List the prime factors of b.
2, 3
Let f(g) = -g**3 + 8*g**2 - 4*g - 5. Let u be f(7). Suppose 8 = -4*a + 4*k - u, 0 = 4*a + 2*k. List the prime factors of 1/(a + (-66)/(-32)).
2
Suppose 5*r - 8 - 2 = 0. Suppose 0 = -r*p - 3*w - 2*w + 5, 0 = -4*p - 2*w + 34. What are the prime factors of p?
2, 5
Let k = 34 - 3. List the prime factors of k.
31
Let x = 6 - -8. Suppose 0 = -i + 2*i - x. What are the prime factors of i?
2, 7
Suppose -65*o + 66*o = 16. List the prime factors of o.
2
Suppose k - 20 = i, 2*k + 2*i = -2*i + 22. List the prime factors of k.
17
Suppose 0 = 3*t - 6, 5*t - 42 = 5*f - 262. What are the prime factors of f?
2, 23
Let b(r) = -r**2 - 8*r - 4. Let x be b(-5). Suppose 2*l - 39 = -x. Suppose -l = -3*o + o. List the prime factors of o.
7
Let q = 5 + 1. Suppose -j - q = -4*j. Suppose 0*g - j*g = 3*t - 35, -5*g + t + 45 = 0. List the prime factors of g.
2, 5
Let q(r) = -r**3 - 6*r**2 - 6*r. Let j be ((-